 l + 3. Let p(b) = -4. Let r(d) = -2*p(d) - 3*t(d). Let k be r(-1). Let i(v) = -6*v - 7 + 5*v**2 + v**k - v**3 + 8*v. What is i(6)?
5
Let l(s) = -4*s**2 - 4*s - 3. Suppose 10 = 2*h - 46. Let y = -30 + h. Give l(y).
-11
Let d(l) be the second derivative of l**4/12 + l**3/3 - 2*l**2 - 300*l. Calculate d(-7).
31
Let b(o) = 3*o + o - 3*o**2 - 7*o + 2 - o**3. Suppose -15*w + 14*w + 8 = 0. Suppose 4 = -4*s - t - 3*t, w = 4*t. Determine b(s).
11
Let d(b) = b**2 - 6*b + 1. Let s be (-3)/(-12) + (-95)/(-20). Let m be 4/(-14) - 216/(-21). Suppose 0 = -4*k - c + 13, -2*k = -m*c + s*c - 1. What is d(k)?
-8
Suppose -19*j + 108 = -13*j. Let w(c) = -j*c + 8*c + 7*c + 4 + 7*c. Determine w(-3).
-8
Let m(p) = -3 - p**2 - 2 + 14 - 2*p - 8. Let n(f) = f**2 - 4*f + 1. Suppose -t + 3*s = -3, -t + s + 0 + 3 = 0. Let x be n(t). What is m(x)?
1
Let v(s) = 4*s + 43. Let y be v(-11). Let w(n) = n + 1. Let j(q) = -6. Let g be 3/(-4 - -1) + -1. Let o(c) = g*w(c) + y*j(c). Give o(5).
-6
Let i(u) = -14*u - 22. Let k be i(-2). Let c(j) = -j**2 + 7*j + 4. Give c(k).
10
Let b(x) be the third derivative of -x**4/24 - 5*x**3/2 - 23*x**2. Let u be 0/(8/4 + -3). Calculate b(u).
-15
Let a(t) = -10*t**3 + 31*t**2 + 13*t - 24. Let s(k) = 3*k**3 - 10*k**2 - 4*k + 7. Let l(r) = -2*a(r) - 7*s(r). Give l(8).
15
Let u(z) be the first derivative of 1/4*z**4 + 3 + z**2 + 2*z + 1/3*z**3. Suppose -2*h - 6 = h. Calculate u(h).
-6
Let r be (2013/(-22))/(3/4). Let o = -129 - r. Let t(h) be the first derivative of h**4/4 + 2*h**3 - 7*h**2/2 + h + 1. Calculate t(o).
1
Let m(k) = k**3 - 13*k**2 - 16*k - 16. Let d be m(14). Let x = -41 - d. Let i(w) = -w**2 + 2*w + 4. Give i(x).
1
Suppose 4*m - 1 + 5 = -4*o, 4*o - 36 = 4*m. Suppose 0 = 5*k - 15, -o*v + 3*k = -0*k - 15. Let q(b) = -b**2 + 5*b + 2. What is q(v)?
-4
Let n be ((-18)/30)/((-16)/240). Suppose 2*h = -z + 13, 5*z = -4*h + 13 + 28. Suppose -n*x = -h*x + 5. Let f(p) = 6*p**2 - 2*p - 1. Calculate f(x).
7
Let y(r) = -r**2 - 3*r - 8. Let b = -894 + 892. Determine y(b).
-6
Let b(a) = -a**2 + 6*a - 4. Let i(q) = -7*q + 9. Let f(o) = -6*o + 8. Let j(w) = -6*f(w) + 5*i(w). Let y be j(0). Let r be y/9*(-1 - 11). Give b(r).
4
Let o(s) = -s**3 + 3*s**2 - 2*s + 1. Let j(b) = -4*b**3 + 32*b**2 - b + 11. Let r be j(8). Give o(r).
-5
Suppose -1 = 4*k - 17. Let u = k + -2. Let i(j) = 0 + j**3 + j - 4 + 3*j**u + 0 + 2*j**2. Determine i(-4).
8
Let j(i) = -9*i**2 + 10*i**2 + 1 - 60*i + 58*i. What is j(4)?
9
Let h(g) be the first derivative of -g**3/3 - 13*g**2/2 + 21*g + 360. What is h(-13)?
21
Let r(o) = -o**3 + 1. Let y(m) = 7*m**3 + 13*m**2 - m - 16. Let b(f) = 6*r(f) + y(f). Let c be b(-13). Let q(l) = -2 + 4 - l - c. Give q(3).
-4
Let i(z) = -17*z - 2. Suppose 9*y - 12*y = -3*m - 6, -4*y - 12 = m. Calculate i(y).
32
Let q(y) = -6*y**3 - 18*y**2 + 17*y - 38. Let n(x) = -x**3 + x**2 - x + 3. Let m(d) = -5*n(d) + q(d). Determine m(-24).
-5
Let f = -1 + 3. Let m be (4/(-3))/(f/9). Let z be (6/9)/((-2)/m). Let i(s) = 2*s**3 - 3*s**2 - s + 2. Give i(z).
4
Let z = 697 + -698. Let k(a) = 5*a**2 + a. What is k(z)?
4
Let q(v) be the third derivative of -v**4/8 - 4*v**3/3 - v**2 + 81*v. Determine q(2).
-14
Let g(n) = -n**3 - 6*n**2 - 6*n. Let u(j) be the first derivative of -j**4/4 - j**3 + j**2 + 4*j + 9. Let t be u(-2). Give g(t).
-8
Let g(i) = -2*i**2 - i**2 - 53 - 45 - 44 + 145. Give g(-2).
-9
Let r(s) = 3*s - 6. Let q be r(12). Let j be q/4*(-4)/(-5). Let o(d) be the first derivative of -d**2/2 + 4*d - 2. What is o(j)?
-2
Let s(i) = -4*i - 13. Let f(a) be the first derivative of -a**2/2 - 2*a + 38. Let x(k) = 3*f(k) - s(k). Give x(0).
7
Let a(k) = k**3 + 5*k**2 - 5*k - 22. Let g be a(-5). Let f(j) = -12*j. Calculate f(g).
-36
Let w = -10 - -3. Let b = 11 + w. Let g(a) = -5*a + 46*a**2 - 15*a**2 - 11*a**2 - 1 - 19*a**2. Determine g(b).
-5
Let v(k) = k**2 - 7*k - 8. Let c(o) = -2*o**2 + 15*o + 17. Let y(n) = -6*c(n) - 13*v(n). Determine y(0).
2
Let y be -8*2/32*-2. Let w(c) = -5*c - 1. Give w(y).
-6
Let g(k) = k**3 - 6*k**2 + 9*k - 22. Let p be g(5). Let u(y) be the second derivative of -3*y**3/2 - y**2/2 - 3*y. Give u(p).
17
Suppose 6*v + 227 = 191. Let l(g) = 5*g + 7. Determine l(v).
-23
Let d(i) = i**3 + 7*i**2 + 6*i + 2. Let j be d(-6). Let a(s) = -6*s**2 + s**2 - 11*s**j + 3*s**2. What is a(1)?
-13
Let w(s) = -2*s - 1. Let z be w(3). Let x(k) be the third derivative of k**6/120 + k**5/10 - 3*k**4/8 - 5*k**3/3 - 130*k**2. What is x(z)?
4
Let m(v) = v + 5. Let l = -6 + 0. Let o = 10 + l. Suppose -5*y = -o*x + 37, -y + 2 = 4*x - 5. Calculate m(y).
0
Suppose -26 = 46*s - 164. Let h(j) = -j**3 + 2*j**2 - 1. Calculate h(s).
-10
Let v(s) be the first derivative of -s**3/3 + s**2 + 8*s - 233. Determine v(6).
-16
Let z(f) = -2*f - 2. Suppose -7*m - 3 = -2*a, a - 11 = -2*m - 4. What is z(a)?
-12
Let o = 28 - -10. Let v(a) = -o + a + 89 - 38. Calculate v(-8).
5
Let v = -1367 - -1361. Let m(i) be the first derivative of i**4/4 + 5*i**3/3 - i**2 + 5*i - 1. Give m(v).
-19
Let m(n) be the first derivative of -5*n**2/2 - 5*n + 77. Determine m(5).
-30
Let n be (132/(-77))/(((-2)/(-7))/(-1)). Let o(g) = -2*g**2 - 5*g - 2. Let y(a) = 9*a**2 + 21*a + 9. Let b(i) = n*y(i) + 26*o(i). What is b(2)?
2
Let g(j) = 48 - 16 + j - 12 - 15. Suppose 7 = -3*o + 4*x - 15, -4*x - 8 = 2*o. Calculate g(o).
-1
Suppose 5*n + 2*h + 14 = h, 5*n - h + 16 = 0. Let o(l) = -4*l**2 - 2*l + 6. Let f(s) = 51*s**2 - 40*s**2 - 16 + 5*s - 1. Let v(b) = 3*f(b) + 8*o(b). Give v(n).
9
Let l(w) be the second derivative of -w**5/60 - 7*w**4/24 - 2*w**3/3 - 2*w**2 + 9*w. Let p(q) be the first derivative of l(q). What is p(-5)?
6
Let x(o) = 3*o - 66 + 148 - 67. Calculate x(-6).
-3
Let t(h) be the first derivative of 5*h**4/4 - h**2/2 + h - 21. Suppose -2*z = 5 + 5. Let p = 6 + z. Determine t(p).
5
Let j(a) = -73 + 14*a + 4*a**2 + 66 - a**2 - 2*a**2 - 13*a. Let f be 1*3*(-1)/(-3). Let x be f + (-6)/((-2)/(-2)). Give j(x).
13
Let w(g) be the third derivative of -g**5/60 + g**4/6 + g**3/3 - 10*g**2. Let i(p) = 4*p - 15. Let t be i(5). What is w(t)?
-3
Let a(z) = 5 + 0*z**2 + 198*z - 199*z + z**2 - 8. Determine a(5).
17
Let a(j) = j - 3. Let x be (-7 - -6)/((-2)/74). Suppose -5*s + 2 = 2*h - 15, -5*s = -3*h - x. Suppose -s*v + 4*v = 4. Determine a(v).
-7
Let y(i) = 6 + 4 + 3*i**2 + 3 - 7*i - 4*i**2 - 10. Calculate y(-6).
9
Let s = -6 - -14. Let r(v) = v**2 - 8*v - 5. Let k be r(s). Let i(o) = 55*o + 5 - 59*o + 2 - o**2. Give i(k).
2
Suppose 0 = -4*w + f + 148, -4*w + 3*f + 156 = -0*w. Let o be (-60)/w + (-2)/6. Let s(y) = y**3 + 4*y**2 + y. Calculate s(o).
6
Suppose 0*h + 6*h + 90 = 0. Let p be h/(-10)*4/(-6). Let z(o) = o. What is z(p)?
-1
Let c(i) = i - 11. Suppose -37*v = -29*v - 64. Give c(v).
-3
Let m(u) = -u**2 + 7*u + 11. Suppose -13*t + 10 = 2*g - 11*t, -2*g + 4*t = -28. Calculate m(g).
3
Let d(m) be the second derivative of m**5/20 - 2*m**4/3 - 2*m**3/3 + 5*m**2/2 - 79*m + 1. Determine d(8).
-27
Let b(l) = 2*l**2 - 4*l + 3. Let z be ((-5)/(5/(-3)))/(1/1). Determine b(z).
9
Suppose -10 = -8*j + 3*j. Let i(r) = 2*r**2 + 6*r + 2. Let m(p) = p**2 + 5*p + 1. Let z be (-3)/(-2)*-16*(-6)/36. Let s(b) = z*m(b) - 3*i(b). What is s(j)?
-6
Suppose -v + 37 = p - 9*p, -2*v = 2*p - 2. Let b(a) = -a**2 - 7*a + 4. Let s(y) = -y**2 - y. Let w(c) = -b(c) + 2*s(c). Determine w(v).
-4
Let x(d) be the second derivative of d**6/240 - d**5/60 - d**4/4 + 2*d. Let b(w) be the third derivative of x(w). Let z = -102 - -105. Calculate b(z).
7
Let g(j) = 2 + 12*j**3 - 2. Let m be ((-27)/6)/9*2. What is g(m)?
-12
Let w(k) = -6*k - 7. Let f(p) = 30*p + 34. Let o(u) = 3*f(u) + 14*w(u). Give o(-4).
-20
Let u(y) = -y**3 + 4*y**2 + 5*y + 5. Let v be u(5). Let c = -20 - -17. Let o(b) = 2*b - 3. Let q(s) = -2*s + 3. Let x(r) = c*q(r) - 2*o(r). Give x(v).
7
Let l(i) be the first derivative of 3*i**2/2 - 24*i - 479. Give l(7).
-3
Let c(i) = i**3 - 7*i**2 + i - 9. Suppose -4 = 2*f, -r - 3*r - 8 = -4*f. Let x = 3 - r. Suppose x = -5*y + 6*y. Calculate c(y).
-2
Let c(b) = -8 + 0*b - 6 - b. Suppose 60*u - 55*u - 25 = 0. Suppose 63 = -u*t - 5*v + 8, 3*t - 4*v = 2. Calculate c(t).
-8
Let m(c) be the second derivative of -c**4/12 + c**3/6 - 13*c. Let p(z) = -10*z**2 - z + 1. Let n(u) = m(u) + p(u). What is n(1)?
-10
Let l(c) = 4*c - 5. Let v(g) = -1